 the highest common factor of 5357 and 605.
11
What is the greatest common divisor of 1320 and 125488?
88
Calculate the greatest common divisor of 106524 and 363.
33
What is the highest common factor of 1268 and 126483?
317
Calculate the greatest common divisor of 171325 and 55.
55
What is the highest common factor of 44 and 12287?
11
What is the greatest common divisor of 2545 and 2813752?
509
What is the greatest common factor of 17297 and 539?
49
Calculate the highest common divisor of 20224 and 21760.
256
What is the highest common divisor of 1336 and 255844?
668
Calculate the greatest common factor of 854 and 62891.
61
Calculate the greatest common factor of 4653 and 1163767.
517
Calculate the highest common factor of 171948 and 192.
12
Calculate the greatest common divisor of 946 and 2684.
22
Calculate the highest common divisor of 7241 and 117.
13
What is the highest common divisor of 96 and 71112?
24
What is the greatest common factor of 346 and 102416?
346
Calculate the greatest common divisor of 15450 and 810.
30
Calculate the highest common factor of 12940 and 360.
20
What is the greatest common divisor of 1715 and 12285?
35
What is the greatest common factor of 371462 and 77?
7
What is the greatest common divisor of 437 and 6935?
19
Calculate the greatest common factor of 3144 and 7572.
12
What is the greatest common divisor of 869 and 196713?
11
What is the highest common divisor of 1843 and 6517?
19
What is the highest common divisor of 2874075 and 75?
75
Calculate the highest common divisor of 1652 and 45556.
28
Calculate the greatest common factor of 155 and 54095.
155
Calculate the greatest common divisor of 624 and 336024.
312
What is the greatest common divisor of 398860 and 392?
196
What is the highest common divisor of 88 and 59950?
22
Calculate the greatest common factor of 81396 and 10108.
532
Calculate the highest common factor of 6534 and 51381.
297
Calculate the greatest common divisor of 20567 and 2983.
157
Calculate the greatest common divisor of 63 and 38262.
21
Calculate the highest common factor of 697 and 442.
17
What is the greatest common factor of 735742 and 14?
14
Calculate the greatest common factor of 16114 and 889.
7
What is the highest common divisor of 302526 and 8820?
882
Calculate the highest common divisor of 80703 and 294.
147
What is the greatest common factor of 3470 and 10?
10
What is the highest common divisor of 383230 and 570?
190
Calculate the highest common divisor of 9 and 1352.
1
Calculate the greatest common factor of 112 and 25711.
7
Calculate the highest common factor of 25360 and 400.
80
Calculate the greatest common divisor of 13856 and 108683.
433
What is the greatest common divisor of 76 and 17612?
4
Calculate the greatest common divisor of 28231 and 1813.
259
What is the greatest common factor of 3500 and 2380?
140
What is the highest common divisor of 1892 and 220418?
946
What is the highest common divisor of 3760 and 1636540?
940
Calculate the greatest common divisor of 11194 and 23353.
193
What is the highest common factor of 31178 and 1496?
34
What is the highest common divisor of 83923 and 5679?
631
Calculate the highest common divisor of 37 and 21516277.
37
What is the greatest common divisor of 83 and 17513?
83
Calculate the greatest common factor of 2610 and 525886.
58
What is the highest common factor of 322 and 3584?
14
Calculate the highest common divisor of 10967730 and 30.
30
What is the highest common divisor of 375306 and 71?
71
What is the greatest common divisor of 261 and 110925?
261
What is the greatest common factor of 3410 and 13354?
22
Calculate the highest common factor of 365 and 32.
1
Calculate the greatest common factor of 41662 and 2.
2
Calculate the greatest common factor of 83846 and 6.
2
Calculate the highest common factor of 1348185 and 315.
15
Calculate the highest common factor of 7020 and 7995.
195
Calculate the highest common divisor of 555497 and 67.
67
Calculate the greatest common factor of 681 and 91027.
227
Calculate the highest common factor of 12575 and 13100.
25
What is the greatest common factor of 4 and 52436?
4
Calculate the highest common divisor of 135 and 664821.
27
What is the greatest common factor of 1727 and 511977?
157
Calculate the highest common factor of 23926 and 3472.
14
What is the highest common divisor of 36 and 32124?
12
What is the highest common divisor of 338 and 88049?
169
What is the greatest common factor of 42 and 12306?
42
Calculate the highest common divisor of 8878 and 15826.
386
Calculate the highest common divisor of 308 and 1232.
308
Calculate the greatest common divisor of 60 and 697005.
15
What is the greatest common divisor of 19039 and 6399?
79
Calculate the greatest common divisor of 52 and 16718.
26
What is the greatest common divisor of 143255 and 35?
35
What is the greatest common divisor of 575 and 25530?
115
What is the greatest common divisor of 9520 and 5355?
595
Calculate the greatest common factor of 3272 and 52.
4
Calculate the greatest common divisor of 38160 and 126.
18
Calculate the highest common divisor of 164 and 555878.
82
Calculate the greatest common factor of 20737 and 48505.
89
What is the highest common factor of 60512 and 204352?
992
Calculate the highest common divisor of 1105 and 43732.
13
What is the highest common factor of 3 and 1445889?
3
What is the greatest common divisor of 237200 and 100?
100
What is the greatest common divisor of 229248 and 16?
16
Calculate the highest common factor of 15744 and 284376.
984
What is the greatest common divisor of 63 and 180387?
9
Calculate the greatest common factor of 85 and 3320.
5
What is the highest common divisor of 1577 and 912?
19
What is the greatest common divisor of 39 and 152727?
3
What is the highest common divisor of 2046 and 1056?
66
Calculate the highest common factor of 22351 and 5642.
217
Calculate the highest common divisor of 9101 and 1216.
19
What is the highest common divisor of 336 and 41600?
16
Calculate the highest common divisor of 103853 and 149.
149
Calculate the highest common factor of 1668 and 8411724.
1668
What is the highest common factor of 18 and 95166?
18
What is the highest common divisor of 166 and 2026943?
83
What is the highest common divisor of 154575 and 800?
25
Calculate the highest common factor of 15768 and 2856.
24
What is the greatest common factor of 224 and 2569?
7
Calculate the greatest common divisor of 31064 and 5456.
88
What is the highest common divisor of 13342 and 21?
7
What is the greatest common divisor of 84 and 191148?
12
What is the greatest common divisor of 854542 and 46?
46
What is the highest common divisor of 11816 and 2016?
56
Calculate the highest common divisor of 68863 and 2.
1
What is the greatest common factor of 4197372 and 3924?
1308
What is the highest common factor of 8588 and 950?
38
What is the highest common divisor of 88 and 990?
22
What is the highest common divisor of 2173 and 3074?
53
Calculate the highest common divisor of 143 and 3209921.
143
What is the highest common factor of 8 and 143656?
8
What is the highest common divisor of 493 and 37961?
493
What is the greatest common factor of 585905 and 425?
85
Calculate the highest common divisor of 333 and 18833.
37
Calculate the greatest common factor of 22591 and 6612.
551
Calculate the highest common factor of 6132 and 1806.
42
Calculate the greatest common divisor of 100082 and 614.
614
What is the greatest common factor of 18 and 6666?
6
Calculate the highest common divisor of 56600 and 1900.
100
What is the greatest common divisor of 7224 and 1161?
129
Calculate the highest common divisor of 8463 and 298809.
651
What is the highest common divisor of 1183 and 962117?
169
What is the greatest common divisor of 116 and 182348?
4
What is the highest common factor of 7 and 115341?
1
What is the greatest common divisor of 46257 and 6?
3
Calculate the greatest common divisor of 21 and 2087771.
7
Calculate the greatest common factor of 286858 and 9438.
286
Calculate the highest common factor of 234 and 36426.
78
Calculate the greatest common divisor of 10140 and 360.
60
Calculate the greatest common divisor of 647457 and 749.
107
What is the greatest common divisor of 19602 and 26862?
726
Calculate the g